- 3*v + j*t + 12 = 0. List the prime factors of v.
3
Suppose h = -g + 9902, 27022 + 2652 = 3*g - h. List the prime factors of g.
2, 3, 17, 97
Let j = -8953 - -35829. List the prime factors of j.
2, 6719
Suppose 43*c - 530*c + 23726800 = 88*c. What are the prime factors of c?
2, 2579
What are the prime factors of (6 - (10 - -6))/((-2)/(-3628)*-2)?
2, 5, 907
Suppose 9*s = 7*s + 2622. Suppose -4*x + 8*x = 5*z - 1649, -4*z = 5*x - s. List the prime factors of z.
7, 47
Suppose 0 = 7*i - 22 - 251. Let o = -49 + i. List the prime factors of (5 - 23)/(3/o).
2, 3, 5
Let v(h) = -149*h + 471. What are the prime factors of v(-45)?
2, 3, 13, 23
Suppose -3*x + 32 = x. Suppose x = m + 3*m. What are the prime factors of (-104 - -2)*(-1)/m?
3, 17
Let s(x) = 49*x**2 + 15*x + 1. Let n be s(3). Let h(q) = q**3 + 5*q**2 + 2*q - 1. Let i be h(5). Let j = n - i. What are the prime factors of j?
2, 3, 19
Suppose -13006 = -4*o - 3*p, 3256 = 20*o - 19*o + 3*p. What are the prime factors of o?
2, 5, 13
Suppose -11 = 3*u - 2. Let w be 0 + u - -35 - 0. Let h = w + -5. List the prime factors of h.
3
Let m(a) = -a**3 + a**2 - 2*a - 2. Let f be m(-1). Suppose -j - f*h - 5 = 0, -5*j - 3*h = -h - 15. List the prime factors of 34 - (-1 + j - (6 - 2)).
2, 17
Suppose -4550 - 2029 = 9*j. Let x = -533 - j. List the prime factors of x.
2, 3, 11
Suppose -4*n - 12 = 0, 0*s + 54 = 4*s - 2*n. Suppose s*u = 15*u - 2658. What are the prime factors of (20/(-25))/(u/(-295) + 3)?
2, 59
What are the prime factors of -3 - 7/(-1)*(13 - (-11160)/10)?
2, 5, 79
List the prime factors of (14630 - (20 - 13))/(5/(7 - 2)).
7, 2089
Suppose 0 = 6*u - 13*u - 7. List the prime factors of u/(-5) + 270335/325.
2, 13
Let f(a) = -118*a + 4115. List the prime factors of f(-135).
5, 19, 211
Suppose -147 + 83 = -4*u. Suppose 0 = -u*s + 7*s + 891. List the prime factors of s.
3, 11
Let b be (2 - (-6)/2) + -375. What are the prime factors of ((-74)/b)/(1/185)?
37
Suppose -9526 - 31635 + 11285 = -2*y. What are the prime factors of y?
2, 7, 11, 97
Suppose 3*k = 5*k. What are the prime factors of (-12 - (1 + k))*-13?
13
Let z(d) = -d**2 + 12*d - 15. Let r be z(10). Suppose -r*i + 11 = -2989. What are the prime factors of i?
2, 3, 5
Suppose 292*b - 289*b = -1515. Let c = b - -1114. List the prime factors of c.
3, 7, 29
Let u(c) = 94*c**2 - 162*c + 1408. List the prime factors of u(10).
2, 2297
Suppose -117 - 4839 = -12*m. Let s = m - -93. What are the prime factors of s?
2, 11, 23
Let z(y) = y. Let q be z(5). Let n = q + -2. Suppose -n*m = -2*o + 22, o - 3*m - 7 = -2. List the prime factors of o.
17
Let c(h) = 9*h**2 - 3*h + 1934. List the prime factors of c(-41).
2, 13, 661
Suppose 2*f - 11*s + 7*s - 692 = 0, f = -2*s + 326. Suppose -5*c = -8*c + 708. Let h = f - c. What are the prime factors of h?
2, 5
Let m(o) = -52*o + 122. List the prime factors of m(-21).
2, 607
Suppose -3*w = -3*j - 7422, j + 7432 = -180*w + 183*w. What are the prime factors of w?
37, 67
Suppose 49*x - 25*x = 120. List the prime factors of -4*((1 - x) + -49).
2, 53
Suppose w - 7 = -2*q, 2*q = 7*q - 2*w - 13. Suppose 4*s - 1789 = -3*i, 5*s + q*i = -2*i + 2240. Suppose 3*n + s = 8*n. List the prime factors of n.
89
Let i be 1467/((-9)/18 - -2). Suppose 10*j - 8*j + 2*r - i = 0, -5*j + 2439 = -r. What are the prime factors of j?
2, 61
Let y = 8578 - -5450. List the prime factors of y.
2, 3, 7, 167
Let b(l) = 1887*l - 213. List the prime factors of b(7).
2, 3, 19
Suppose -4*h = h + 4*k - 1, 0 = 5*h - k - 6. List the prime factors of 0 - (-19 + -238 - (1 + h)).
7, 37
Let a(p) = -p - 3. Let m be a(-7). Suppose -q = 4*o + 24, 3*o - 10 = m*q - 3*q. What are the prime factors of (q/6)/((-10)/15)?
2
Let y = -5476 - -5478. List the prime factors of y.
2
Suppose -32*a - 20 = -36*a. Let b = a + 175. What are the prime factors of b?
2, 3, 5
Let r = -22012 - -35058. List the prime factors of r.
2, 11, 593
Let m(r) = 11*r**2 + 31*r + 162. What are the prime factors of m(19)?
2, 3, 787
Let k be 22/(-33)*-15*(-1)/2. Let o be (-6)/(((-15)/(-2))/k). Suppose -4*a + m + 174 = -5, -o*m - 144 = -3*a. What are the prime factors of a?
2, 11
Let f = 115249 + -80356. What are the prime factors of f?
3, 3877
Suppose 2*q = -3*y + 9284, -4*q + 0*y + 18600 = -2*y. List the prime factors of q.
2, 7, 83
Let r(w) = 5*w**3 - 19*w**2 + 18*w - 559. What are the prime factors of r(25)?
3, 7349
What are the prime factors of 4/(-3)*(3 + (-201399)/34)?
2, 3947
Suppose 4*n - 199 = 3*n. Suppose -2*r - 201 = n. List the prime factors of ((-4)/5)/(5 + 1005/r).
2
Suppose -7*f + 2*f + 1980 = 0. Suppose 5*v = -121 + f. Let n = v - -56. What are the prime factors of n?
3, 37
Suppose -2*f + 3*q = -3 + 12, q - 3 = 0. Suppose 5*j - 403 - 6322 = f. What are the prime factors of j?
5, 269
Let w = 58059 + -31123. List the prime factors of w.
2, 7, 13, 37
What are the prime factors of ((-56)/12 - -3) + 6977372/138?
3, 19, 887
Suppose -3*y + 2*j = 7, 2*y - j = -0 - 5. Let r(g) = -68*g - 1. Let a be r(y). Suppose -2*l = -4*l - 2, a = 2*k + l. List the prime factors of k.
2, 3, 17
Let w(b) = 123*b + 1879. What are the prime factors of w(8)?
7, 409
Let w = -30 + 25. Let p(k) = -13*k - 4. List the prime factors of p(w).
61
Let t(d) = -487*d + 10503. What are the prime factors of t(0)?
3, 389
Suppose 3*p = 5*l + 4490, p - 316 = -2*l + 1199. Suppose -5*t + p = -0*t. What are the prime factors of t?
7, 43
Let g(k) = -2*k + 4. Let v be g(0). Suppose 0 = -v*p - 0*p. Suppose 9*f - 402 + 51 = p. List the prime factors of f.
3, 13
Suppose v - 289*t = -284*t + 47948, 4*v - 191918 = -t. What are the prime factors of v?
2, 7, 23, 149
Suppose 0 = q + 3*c - 461, 1855 = 3*q + 5*c + 492. Suppose 2*n = q - 146. Suppose 3*y = -3*t + 6*y + n, -40 = -t + 3*y. List the prime factors of t.
5, 11
Let g = 1885 + -938. Let q = g + -556. What are the prime factors of q?
17, 23
Let j(z) = -2*z**3 + 12*z**2 + 3*z + 1. Let x be j(6). Let r = -5 + x. Suppose 0 = 2*l + r - 56. What are the prime factors of l?
3, 7
Let v(g) = -g**3 - 8*g**2 + 19*g - 6. Let x be v(-10). Suppose -773 = -x*o - 13. Suppose -o = 10*c - 12*c. List the prime factors of c.
5, 19
Suppose -2679 = 3*f - 8475. Suppose 40*x - 34*x = f. What are the prime factors of x?
2, 7, 23
List the prime factors of (156/(-18) - -10)/((-6)/(-4149)).
2, 461
Let l(r) = 25979*r + 485. What are the prime factors of l(1)?
2, 827
Suppose t + 40 = 3*d + 4137, 3*t - 2736 = 2*d. Let z = -708 - d. What are the prime factors of z?
3, 73
Let o = 20035 + -11913. List the prime factors of o.
2, 31, 131
Suppose 1081 - 9784 = -4*o + x, -3*x + 4369 = 2*o. Suppose 6*q - 8*q + 5*d + 1099 = 0, -3*d = -4*q + o. List the prime factors of q.
2, 271
Let q(m) = -m**3 + 6*m**2 - 3*m - 5. Let n = -126 - -131. What are the prime factors of q(n)?
5
Let s be (-299)/(-11) + 2 + (-14)/77. List the prime factors of (82 - s)*2/(-3)*-3.
2, 53
Let k = 61228 + -25506. List the prime factors of k.
2, 53, 337
Suppose 0 = -d + 2, -2*n + d = -d + 12. Let u be (-4 - -4) + n/(-2) + 2. Suppose -4*s + 264 = v - 252, -s - u*v + 144 = 0. What are the prime factors of s?
2
Let a(p) = -2*p - 1 + 2*p - 13*p + 8*p**2 - 13*p. What are the prime factors of a(-5)?
7, 47
Let s = 154 - 152. Suppose -s*o + 420 = -0*o. List the prime factors of o.
2, 3, 5, 7
Let d(y) = -479*y - 41. Let b be d(-4). Suppose 1128*o - 1123*o - b = 0. What are the prime factors of o?
3, 5
Let v = 65888 + -34479. What are the prime factors of v?
7, 641
Let i = 5 - -1819. Suppose 0 = -u + 5*u - 12, 3*m - u = i. List the prime factors of m.
3, 7, 29
Suppose 6*g = -18, -447*p - 4562 = -448*p - 2*g. What are the prime factors of p?
2, 571
Let s(u) = 186*u**2 + 5*u - 18. Let v be s(5). Let h = v + -3244. List the prime factors of h.
3, 157
Let y(t) = t**3 + 2*t**2 + 2*t + 12. Let j be y(0). Let x(q) = q - 9 + j - 20 + 6*q. List the prime factors of x(17).
2, 3, 17
Let p(z) = z**3 - 15*z**2 + 84*z + 14. List the prime factors of p(17).
2, 5, 101
Let n be (4 + 1720/3)*(-6)/(-4). Suppose -7*o = n + 2942. List the prime factors of ((-1)/2)/(16/o).
17
Suppose -3*z - 12 = 0, -u - 4*z - 24 = u. What are the prime factors of 440*(u - (-27)/6)?
2, 5, 11
Suppose -5*f = -f - 2*f. Suppose -3*v + v - 12 = f. List the prime factors of 1071/6 + v/(-12).
179
Suppose -3*g - 